ve y(v).
11
Suppose 5*o + 17 = -13. Let p(i) = -i + 3. What is p(o)?
9
Let p(j) = 3*j + j - 3*j. Suppose -4*h = -3*h - 5*x + 16, 5*x - 20 = 0. Suppose -2*r + 2 = -h. Calculate p(r).
3
Let x(o) = o**2 - 8*o + 4. Let c be x(8). Let d = -4 + c. Let y(j) = -j**2 + j - 3. Determine y(d).
-3
Let v(h) = -4*h + 31. Let t be v(8). Let y(s) = -3*s**2 - s - 1. What is y(t)?
-3
Let f(n) be the third derivative of -n**6/120 + n**5/12 + n**4/6 + 4*n**3/3 + 16*n**2. Determine f(6).
-4
Let q(z) = -z**2 + 8*z - 7. Suppose 0 = v + 2*l + 1 - 9, -3*v + 24 = 4*l. Calculate q(v).
-7
Let b(g) = g**3 + 3*g**2 - 11*g + 2. Let j(r) = r**3 + 3*r**2 - 10*r + 1. Let u(o) = 4*b(o) - 5*j(o). Give u(-4).
-5
Let s(k) be the second derivative of -k**8/6720 - k**7/630 + k**5/120 + k**4/6 + 2*k. Let j(h) be the third derivative of s(h). Calculate j(-4).
1
Let u(c) = 3*c**3 - 7*c**2 + 7 - 3*c - 15*c**3 + 13*c**3. Give u(7).
-14
Let v = -1 - 0. Let t(w) = 4*w**3 - 3*w**2 + w + 1. Let x(l) = 3*l**3 - 2*l**3 + 2*l**2 - l**2 - 2*l**3. Let n(h) = t(h) + 3*x(h). Determine n(v).
-1
Let i = -6 + 8. Suppose 0 = i*q - q - 4. Let y(t) = 3*t**2 - 2*t**2 + q*t - 2 - 4*t**2. What is y(2)?
-6
Let v = 21 - 16. Let s(b) be the third derivative of b**6/120 - b**5/10 + 5*b**4/24 + 5*b**3/6 + b**2. Determine s(v).
5
Let l(s) = s**2 - 2*s - 3. Let y be l(4). Let i be 1*(0 + 12/3). Let t(v) = 2 + v**2 - 2 + y - i*v. What is t(4)?
5
Suppose d + 4*d = 0. Let i(f) be the first derivative of 2 - 3*f - 1/2*f**2. Determine i(d).
-3
Let m(q) = -q. Let l(s) = -2*s - 3. Let i(v) = -l(v) + 6*m(v). Let b(d) = -d. Let u(z) = 2*b(z) - i(z). Calculate u(4).
5
Let t(m) be the second derivative of -m**3/3 + 3*m**2/2 - 2*m - 4. Give t(7).
-11
Let w(l) = 3*l**2 - 2*l + 3. Let f(s) = -s - 7. Let y be f(0). Let j = 7 + y. Suppose j = -x + 2 - 0. What is w(x)?
11
Let k(x) = -x**3 - 2*x**2 + 3*x + 1. Let s be k(-3). Let n be (s/2)/((-4)/(-48)). Let u be ((-2)/(-3))/((-4)/n). Let i(l) = -4*l**2 - l. Give i(u).
-3
Let t(u) = u + 4. Suppose -2*v + 7*v = 4*x + 13, -4*x + 2*v = -2. Suppose -8 = -5*l - x. Let p be 6/3 + l + 1. Determine t(p).
8
Let w be 2 + (-2 - -8) + (-18)/9. Let c(b) = b**2 - 7*b + 3. Calculate c(w).
-3
Let l = 29 + -21. Let p = l + -9. Let g(q) = 4*q**3 - q**2 - 2*q - 1. Give g(p).
-4
Let d(q) = q**2 - 1. Let k(g) = -7*g**2 + 4. Let x(o) = -3*d(o) - k(o). Give x(-1).
3
Let z(l) be the first derivative of 2*l**3/3 - 3*l**2 + 4*l + 2. Suppose -2*y + 8 = -0. Give z(y).
12
Let s(m) = -m**2 + 8*m + 4. Let t be 10*-1*5/(-2). Let n = t - 16. Let x be s(n). Let o(w) = -w**2 - 7*w - 5. Give o(x).
5
Let t(l) = 3*l + 1. Let p(z) = -4*z - 1. Let w(x) = 2*p(x) + 3*t(x). Calculate w(-5).
-4
Suppose -7*b + b - 42 = 0. Let t(w) = w**3 + 7*w**2 + 5. Determine t(b).
5
Let n(k) = -2*k + 6*k - 7 - k**3 + 0*k - 5*k**2 + k. What is n(-6)?
-1
Let c(d) = -d**2 - 8*d - 4. Let q(t) = -9*t - 5. Let i(a) = 7*c(a) - 6*q(a). Calculate i(2).
-30
Let l(i) = -2*i - 2. Let p be l(-4). Suppose -2 + p = h. Let w(t) = t - 6. Give w(h).
-2
Let z(l) = -529*l - 1 - 525*l + 3 + 1048*l. Let f(i) = -i**3 + i**2 + i + 2. Let o = 1 - 1. Let x be f(o). Determine z(x).
-10
Let a = 2 - 0. Suppose -2*q + 6 - a = 0. Let p(j) = -j - q + 4 + 0. What is p(2)?
0
Let l(m) = -m**3 - 3*m**2. Let x be l(-3). Let z(h) be the third derivative of h**4/24 - h**3/2 + h**2. Give z(x).
-3
Suppose 4*r + 0 - 4 = 0. Let m(q) = 2*q**2 - 4*q**2 - r + 3*q**3 - 2*q - 4*q**3. Let c be -6 + 3 + (1 - 0). What is m(c)?
3
Let y(c) = -c**3 + 3*c**2 - 3*c + 3. Let z be 0/(2*1/(-2)). Suppose a + 2*a = z. Suppose -3*p + a*p = -6. Determine y(p).
1
Suppose 4*g + 5 = 5*h + 12, 0 = -3*h + 3. Let l(f) be the second derivative of -f**4/12 + 2*f**3/3 - f**2/2 + 9*f. Determine l(g).
2
Let q(m) = 0*m + 7 - 3*m + 4*m - 4. Suppose -b + 28 = -5*b - 3*t, 0 = 2*b - 2*t. Determine q(b).
-1
Let x(b) be the second derivative of b**4/6 + 7*b**3/6 + 3*b**2 + 2*b. Suppose -7*p - 25 = 3. Calculate x(p).
10
Let l(s) = s**2 + s + 1. Let f(o) = 2*o**2 + 3*o + 2. Let y(b) = -3*f(b) + 5*l(b). Let m(x) be the first derivative of y(x). Calculate m(-3).
2
Let s(g) = -2*g**2 + 14*g - 7. Let n(q) = -3*q**2 + 21*q - 11. Let h(k) = 5*n(k) - 7*s(k). Give h(4).
6
Suppose -34 = -b + 1. Suppose -5*o + l + 49 = 0, 0 = 3*o + o - 5*l - b. Suppose -2*c - o + 2 = 0. Let f(k) = -k**3 - 3*k**2 + 2*k. Give f(c).
8
Suppose -1 + 4 = -x, 0 = 5*r - 3*x - 4. Suppose -3*w = 4*s + s - 4, 4*s - 48 = 4*w. Let k = r - w. Let n(f) = f - 6. What is n(k)?
0
Let s(x) = -6*x + 2. Let u(j) = -j - 3. Let a(c) = 2*c + 5. Let q(y) = -3*a(y) - 5*u(y). Let o(w) = -5*q(w) + s(w). What is o(2)?
0
Let j be (119/34)/((-2)/4). Let f(c) = -c**3 - 6*c**2 + 7*c - 3. What is f(j)?
-3
Let s(r) = 3*r - 3. Let p be s(-3). Let w = 9 + p. Let m(q) be the second derivative of -q**4/12 - q**3/6 + q**2 + q. What is m(w)?
-4
Let t(g) = 3*g**2 - 9*g - 17. Let l(i) = 2*i**2 - 6*i - 11. Let c(y) = 8*l(y) - 5*t(y). Determine c(4).
1
Let v(f) be the third derivative of f**4/8 - f**3/2 + 4*f**2. Give v(-3).
-12
Let v(h) = h**2 + 3*h + 6. Let a(i) = -9*i + 7. Let w be a(3). Let y = w - -16. Determine v(y).
10
Suppose 0 = -3*m + 6*m + 18. Let l(q) = q**2 + 4*q - 6. Calculate l(m).
6
Let v = -5 - -10. Suppose -3*q - v = 2*h + 3, 4*h = 3*q + 2. Let m(r) = r**3 + r. What is m(q)?
-10
Let t(o) = 24 + 2*o - 2*o - o - 26. Calculate t(-2).
0
Let m(y) = -7*y + y**2 + 22*y + 3 - 11*y. Give m(-5).
8
Let v(s) = -2*s - 3. Let g(u) = -u**3 + 4*u**2 + 2*u + 7. Let q be g(5). Let k = 5 + q. Determine v(k).
3
Let j(x) = -x**3 + 5*x**2 + 2*x + 5. Let n(m) = 3*m**3 - 14*m**2 - 5*m - 14. Let r(w) = 11*j(w) + 4*n(w). What is r(2)?
7
Let x(r) = -7*r**3 + 21*r**2 - 12*r - 3. Let y(h) = 10*h**3 - 31*h**2 + 18*h + 5. Let n(v) = 7*x(v) + 5*y(v). What is n(7)?
-3
Let r(v) be the third derivative of 7*v**6/120 - v**3/6 + 5*v**2. What is r(-1)?
-8
Let c(k) be the third derivative of 0*k - 2*k**2 + 0 + 1/8*k**4 + 1/60*k**5 - 5/6*k**3. Give c(-4).
-1
Let s = 6 + -4. Let o(d) = 0 - 4 - d**3 + 3 + 2*d**s. What is o(2)?
-1
Suppose f - 5*d + 11 = 0, d - 6*d = 0. Let p be (-1 - 0)*(1 + f). Let b(x) = 3*x - 2*x - x - p + x. Determine b(0).
-10
Suppose -2*g = -o + 5, 0 = -o - 3*g + 3 - 8. Let m(s) = -1. Let q(n) = -2*n**2 + 2*n - 3. Let u(f) = -2*m(f) + q(f). Give u(o).
-1
Let q(n) be the third derivative of n**5/60 + n**4/2 + 8*n**3/3 + 2*n**2. Let d be q(-11). Let a(k) = k**3 - 4*k**2 - 4*k - 4. Give a(d).
1
Let l = 9 - 4. Let y(s) be the first derivative of s**6/360 - s**5/40 - s**4/4 - 2*s**3/3 + 2. Let c(z) be the third derivative of y(z). Calculate c(l).
4
Let a(h) = 4*h**2 - 2. Let g = 11 + -9. Give a(g).
14
Let a(g) = 4*g + 3. Let n = -32 + 27. What is a(n)?
-17
Let n(g) = -6 - 2*g + 2 + 2. Give n(-2).
2
Let v(k) = k**2 + 6*k + 3. Let a(c) = -2*c**2 + 11*c + 2. Let x be a(6). Determine v(x).
-5
Let y(q) = q + 1 - 2*q**2 - q**2 + 4*q**3 - 3*q**3. Let n(o) = o**3 + 7*o**2 - 2*o + 7. Let w be n(-7). Let i = w + -18. Determine y(i).
4
Let v(s) = s**2 + 4*s + 4. Let m = 2 + 3. Let o = -8 + m. Determine v(o).
1
Let a(c) be the second derivative of -c**3/6 - 3*c. Let p be a(-3). Let v(m) = m**2 - 5*m + 1. What is v(p)?
-5
Let m(p) be the first derivative of p**3/3 - 3*p**2/2 - 2*p + 11. Give m(4).
2
Let y(g) be the second derivative of -g**6/360 - g**5/60 - g**4/8 - g**3/6 + 3*g. Let z(a) be the second derivative of y(a). Calculate z(-3).
-6
Let w(n) = -8*n**2 + n + 13. Let c(m) = -4*m**2 + m + 6. Let j(h) = -5*c(h) + 2*w(h). Determine j(3).
23
Let m(i) = 4*i**2 + 7 - 4*i - 3*i**2 - 10. Calculate m(4).
-3
Let l(n) = 3 - 2*n + 3*n**2 - 4*n**2 + 0*n**2. Let x(g) = 6*g**2 + 9*g - 15. Let c(w) = -11*l(w) - 2*x(w). What is c(3)?
0
Let q(t) = 2 + 4 - 2*t - 10 + 2 - t**2. Calculate q(-2).
-2
Let u(b) = b**2 + 4*b - 5. Let c = 92 - 97. Give u(c).
0
Suppose 0 = -7*c + 6*c + 4. Let k(x) = 5 + 5*x - c - 4*x. Determine k(-3).
-2
Let d(y) be the third derivative of -y**5/60 + y**4/12 - y**3/2 + 12*y**2. Let h be 2*-1*(-3)/2. Determine d(h).
-6
Suppose 0*y + 5 = -5*y. Let c(n) = 13*n**3 + 2*n**2 - 1. Determine c(y).
-12
Let k(w) = 3*w - 4. Suppose 2 - 14 = 2*a. Let m be a/(-21) - (-52)/14. Give k(m).
8
Let v(b) = -b**3 - b**2 + b - 1. Let w(s) = -s + 2*s**2 - 2*s + 1 + s. Let a(p) = -2*v(p) - w(p). Calculate a(-1).
-1
Su